r of 1339 and 9991.
103
Calculate the highest common divisor of 11 and 2799.
1
What is the greatest common divisor of 161485 and 5?
5
Calculate the greatest common divisor of 5313 and 6440.
161
Calculate the highest common factor of 1184 and 24032.
32
Calculate the greatest common factor of 5400 and 47925.
675
What is the greatest common factor of 256 and 39880?
8
Calculate the greatest common factor of 2 and 12799.
1
What is the highest common divisor of 378217 and 4615?
71
What is the greatest common factor of 20464 and 192?
16
Calculate the greatest common factor of 4 and 2383672.
4
Calculate the greatest common factor of 839627 and 109.
109
Calculate the highest common divisor of 18 and 4734.
18
What is the greatest common factor of 13 and 4991831?
13
What is the greatest common divisor of 13 and 878?
1
What is the greatest common divisor of 808 and 6175544?
808
What is the greatest common divisor of 177 and 108973?
59
Calculate the highest common factor of 5820 and 67415.
485
What is the highest common divisor of 376 and 43052?
188
Calculate the greatest common divisor of 318 and 576.
6
Calculate the greatest common factor of 92563 and 12873.
613
What is the greatest common divisor of 6604 and 754?
26
Calculate the greatest common factor of 636 and 484950.
318
What is the greatest common divisor of 2145 and 154605?
165
Calculate the highest common divisor of 384239 and 244.
61
What is the greatest common factor of 1104 and 192?
48
What is the greatest common factor of 469360 and 45?
5
What is the highest common divisor of 15964 and 325?
13
Calculate the greatest common divisor of 498 and 120.
6
Calculate the greatest common divisor of 585250 and 500.
250
Calculate the greatest common factor of 530 and 33125.
265
Calculate the greatest common factor of 114 and 34599.
57
Calculate the greatest common factor of 11490 and 3714.
6
Calculate the greatest common factor of 2539107 and 387.
387
What is the highest common divisor of 14300 and 234?
26
What is the highest common factor of 7289216 and 176?
176
What is the greatest common factor of 30 and 217146?
6
What is the greatest common factor of 8 and 23242?
2
What is the greatest common divisor of 52806 and 6?
6
Calculate the highest common divisor of 224 and 1655104.
32
What is the greatest common factor of 2580 and 684?
12
Calculate the highest common divisor of 11290 and 55.
5
What is the greatest common factor of 79 and 17775?
79
Calculate the highest common divisor of 665 and 6517.
133
Calculate the greatest common factor of 955 and 191764.
191
What is the greatest common factor of 500 and 110125?
125
Calculate the highest common factor of 32221 and 14.
7
What is the greatest common factor of 22250 and 2314?
178
Calculate the highest common factor of 187246 and 3730.
746
What is the greatest common divisor of 162 and 29938?
2
What is the highest common factor of 1471673 and 581?
581
What is the highest common divisor of 258 and 8358?
6
Calculate the highest common divisor of 135267 and 22.
11
Calculate the highest common divisor of 12 and 25887.
3
What is the highest common factor of 103980 and 40?
20
Calculate the highest common factor of 192 and 27432.
24
Calculate the greatest common divisor of 4504 and 104.
8
Calculate the greatest common factor of 3421 and 1452.
11
Calculate the highest common divisor of 1968 and 2064.
48
Calculate the highest common divisor of 18 and 56061.
9
What is the greatest common factor of 297 and 7317?
27
Calculate the greatest common factor of 35853 and 85.
17
What is the highest common divisor of 53 and 5714778?
53
Calculate the highest common factor of 115 and 582383.
23
What is the highest common divisor of 164 and 6478?
82
Calculate the highest common divisor of 119 and 263.
1
What is the highest common divisor of 1989085 and 1785?
595
What is the greatest common divisor of 153665 and 4745?
365
Calculate the greatest common divisor of 56 and 16896.
8
What is the highest common divisor of 297532 and 8?
4
Calculate the highest common factor of 42 and 516642.
42
What is the greatest common factor of 615222 and 9?
9
What is the highest common divisor of 7 and 1584499?
7
What is the greatest common divisor of 207 and 16077?
69
What is the greatest common factor of 10583 and 342?
19
Calculate the greatest common factor of 1912 and 1338878.
478
Calculate the highest common divisor of 2530 and 5720.
110
What is the greatest common factor of 796 and 313027?
199
Calculate the greatest common factor of 139 and 56851.
139
Calculate the highest common factor of 333788 and 147.
49
What is the greatest common factor of 297 and 270567?
297
What is the highest common factor of 14605 and 127?
127
Calculate the highest common divisor of 1249792 and 16.
16
Calculate the highest common factor of 750 and 190.
10
Calculate the greatest common factor of 69 and 812314.
23
Calculate the greatest common factor of 107315 and 2704.
169
Calculate the greatest common divisor of 58149 and 126.
63
Calculate the greatest common divisor of 10 and 143600.
10
What is the greatest common divisor of 2280 and 10580?
20
What is the greatest common factor of 484761 and 19446?
1389
What is the highest common divisor of 173935 and 6472?
809
Calculate the greatest common factor of 3111 and 1275.
51
Calculate the highest common divisor of 21284 and 374.
34
What is the greatest common factor of 4949 and 25957?
101
What is the greatest common factor of 38 and 2165582?
38
Calculate the greatest common divisor of 32358 and 6.
6
Calculate the highest common factor of 6806 and 20916.
166
What is the greatest common factor of 994 and 24?
2
Calculate the greatest common factor of 5 and 9992005.
5
Calculate the highest common divisor of 21 and 7402.
1
Calculate the highest common divisor of 354 and 2242.
118
What is the greatest common factor of 384 and 49952?
32
Calculate the greatest common divisor of 416 and 209872.
208
What is the highest common factor of 614 and 780701?
307
Calculate the greatest common divisor of 5811 and 273.
39
What is the highest common divisor of 3239 and 246?
41
What is the greatest common divisor of 847575 and 225?
225
What is the greatest common factor of 624 and 312960?
48
What is the highest common divisor of 78921 and 777?
111
Calculate the highest common divisor of 186780 and 3300.
660
Calculate the greatest common factor of 118159 and 14359.
173
What is the highest common divisor of 144 and 550512?
144
Calculate the highest common divisor of 20697 and 3.
3
What is the greatest common divisor of 110 and 129910?
110
Calculate the highest common divisor of 118659 and 111.
111
What is the highest common divisor of 4941 and 61?
61
What is the highest common factor of 416 and 52112?
16
Calculate the greatest common divisor of 504 and 193144.
56
What is the greatest common divisor of 17241 and 168?
21
Calculate the greatest common factor of 8142 and 8832.
138
Calculate the highest common factor of 67297 and 173.
173
What is the greatest common factor of 25538 and 3277?
113
Calculate the highest common divisor of 437614 and 34.
34
What is the highest common divisor of 106 and 3855803?
53
Calculate the highest common divisor of 1215908 and 20.
4
What is the greatest common factor of 68 and 415684?
68
What is the greatest common divisor of 320 and 620?
20
What is the greatest common divisor of 5320 and 1938?
38
Calculate the highest common divisor of 87690 and 42.
6
Calculate the greatest common divisor of 21196 and 91.
7
What is the greatest common factor of 424 and 86390?
106
What is the greatest common factor of 555 and 4255?
185
Calculate the highest common factor of 2224 and 437572.
556
What is the greatest common factor of 134784 and 486?
162
Calculate the highest common factor of 1275 and 4233.
51
What is the highest common factor of 44141 and 925?
37
What is the greatest common divisor of 840 and 14574?
42
Calculate the greatest common factor of 14448 and 11481.
129
What is the greatest common divisor of 455646 and 12?
6
Calculate the greatest common divisor of 1224 and 32657.
17
Calculate the greatest common divisor of 108 and 15336.
108
Calculate the highest common divisor of 2303 and 9849.
49
Calculate the highest common factor of 21663 and 1079.
83
Calculate the grea